9?
True
Is 45985 a multiple of 274?
False
Is 864 a multiple of 144?
True
Is 3 a factor of 2172?
True
Is 602 a multiple of 10?
False
Does 17 divide 55398?
False
Is 276 a multiple of 12?
True
Is 23 a factor of 129168?
True
Is 798 a multiple of 3?
True
Does 5 divide 1020?
True
Is 403 a multiple of 31?
True
Is 102 a factor of 7956?
True
Does 106 divide 636?
True
Is 15 a multiple of 5?
True
Is 7 a factor of 1698?
False
Does 2 divide 4073?
False
Is 88 a factor of 880?
True
Does 233 divide 16005?
False
Is 6 a factor of 1327?
False
Is 21 a factor of 37?
False
Is 42 a factor of 38569?
False
Is 37356 a multiple of 34?
False
Does 65 divide 24830?
True
Is 3 a factor of 9555?
True
Does 40 divide 63080?
True
Is 2943 a multiple of 27?
True
Is 37 a factor of 473?
False
Is 4 a factor of 14081?
False
Is 244 a multiple of 69?
False
Is 21 a factor of 392?
False
Does 11 divide 650?
False
Is 12 a factor of 97?
False
Does 61 divide 10980?
True
Is 203 a factor of 34318?
False
Does 69 divide 1471?
False
Is 8 a factor of 98?
False
Is 110 a factor of 2420?
True
Does 7 divide 324?
False
Is 1695 a multiple of 13?
False
Is 775 a multiple of 21?
False
Does 7 divide 1808?
False
Is 7496 a multiple of 8?
True
Does 8 divide 600?
True
Does 23 divide 2982?
False
Does 61 divide 671?
True
Does 5 divide 697?
False
Is 12441 a multiple of 36?
False
Is 3565 even?
False
Is 3645 a multiple of 5?
True
Is 32 even?
True
Is 5580 a multiple of 62?
True
Is 14277 a multiple of 108?
False
Does 423 divide 91791?
True
Is 46 a factor of 1967?
False
Is 98210 a multiple of 70?
True
Is 3332 a multiple of 98?
True
Does 50 divide 15813?
False
Is 53 a factor of 233?
False
Is 143 a factor of 8913?
False
Does 13 divide 1490?
False
Does 13 divide 927?
False
Is 7 a factor of 3286?
False
Is 18 a factor of 368?
False
Is 4862 a multiple of 26?
True
Does 25 divide 814?
False
Does 3 divide 4429?
False
Does 22 divide 902?
True
Is 4980 a multiple of 16?
False
Does 2 divide 52?
True
Is 432 a multiple of 27?
True
Does 8 divide 145?
False
Does 23 divide 150?
False
Is 1666 a multiple of 49?
True
Does 23 divide 713?
True
Is 414 a multiple of 3?
True
Is 14 a factor of 59?
False
Is 12 a multiple of 2?
True
Does 79 divide 316?
True
Does 115 divide 13063?
False
Is 911 a multiple of 18?
False
Does 9 divide 10404?
True
Is 53 a factor of 2756?
True
Is 20 a factor of 4119?
False
Is 21275 a multiple of 29?
False
Does 70 divide 337?
False
Does 12 divide 468?
True
Is 156 a factor of 5304?
True
Does 61 divide 488?
True
Does 49 divide 19649?
True
Does 72 divide 177?
False
Does 9 divide 4497?
False
Is 12 a factor of 213?
False
Is 4305 a multiple of 105?
True
Does 9 divide 6561?
True
Is 44 a factor of 2312?
False
Is 2151 a multiple of 35?
False
Is 9 a factor of 9?
True
Is 27 a factor of 12150?
True
Is 1445 a multiple of 5?
True
Is 60 a factor of 9000?
True
Does 11 divide 1645?
False
Does 18 divide 1027?
False
Is 23 a factor of 276?
True
Is 13 a factor of 908?
False
Is 440 a multiple of 11?
True
Does 29 divide 899?
True
Is 23 a factor of 64124?
True
Is 27 a factor of 2889?
True
Does 3 divide 1364?
False
Does 11 divide 1771?
True
Is 34 a factor of 3482?
False
Does 38 divide 2213?
False
Does 20 divide 5960?
True
Is 13 a factor of 390?
True
Does 22 divide 427?
False
Is 573 a multiple of 3?
True
Is 18360 a multiple of 17?
True
Is 5 a factor of 270?
True
Does 30 divide 9557?
False
Does 8 divide 1078?
False
Is 31 a factor of 1457?
True
Does 27 divide 27026?
False
Is 49 even?
False
Does 8 divide 662?
False
Does 122 divide 5340?
False
Is 94 a factor of 3760?
True
Does 18 divide 22698?
True
Does 76 divide 84816?
True
Is 12994 a multiple of 165?
False
Is 27 a factor of 437?
False
Is 24522 a multiple of 10?
False
Is 16964 a multiple of 138?
False
Is 460 a multiple of 17?
False
Is 1956 a multiple of 57?
False
Is 26 a factor of 884?
True
Is 15 a factor of 150?
True
Does 84 divide 5124?
True
Is 108130 a multiple of 20?
False
Is 24 a factor of 4176?
True
Is 23 a factor of 7153?
True
Does 27 divide 44320?
False
Does 16 divide 320?
True
Does 21 divide 3210?
False
Does 27 divide 1708?
False
Is 215 a factor of 129968?
False
Does 62 divide 6944?
True
Does 24 divide 64704?
True
Is 76 a factor of 84816?
True
Is 1733 a multiple of 49?
False
Is 2 a factor of 901?
False
Is 55354 a multiple of 13?
True
Is 50 a factor of 8450?
True
Does 22 divide 365?
False
Is 10 a factor of 3210?
True
Is 500 a multiple of 100?
True
Is 1891 a multiple of 425?
False
Is 1311 a multiple of 23?
True
Is 18 a factor of 860?
False
Is 15 a factor of 5100?
True
Is 93 a multiple of 23?
False
Does 14 divide 1162?
True
Does 6 divide 84?
True
Is 16 a factor of 832?
True
Is 2739 a multiple of 33?
True
Is 252 a factor of 14453?
False
Does 77 divide 2979?
False
Does 37 divide 1517?
True
Does 68 divide 612?
True
Is 4237 a multiple of 5?
False
Does 12 divide 1824?
True
Does 22 divide 81158?
True
Is 2030 a multiple of 35?
True
Is 14621 a multiple of 4?
False
Is 83 a factor of 415?
True
Is 16 a factor of 6336?
True
Is 40 a factor of 1106?
False
Is 116 a factor of 580?
True
Is 58 a factor of 2204?
True
Is 3336 a multiple of 5?
False
Is 20 a factor of 372?
False
Is 12 a factor of 7794?
False
Is 31 a factor of 20840?
False
Is 6 a factor of 2677?
False
Is 32 a factor of 64?
True
Does 83 divide 3241?
False
Is 425 a multiple of 40?
False
Is 77490 a multiple of 205?
True
Is 3 a factor of 4147?
False
Is 26 a factor of 3007?
False
Is 3921 a multiple of 38?
False
Is 10 a factor of 2780?
True
Is 15622 a multiple of 146?
True
Does 12 divide 752?
False
Does 21 divide 1862?
False
Is 11413 a multiple of 75?
False
Does 28 divide 8752?
False
Is 83 a factor of 10043?
True
Is 7953 a multiple of 20?
False
Is 195 a multiple of 55?
False
Does 37 divide 21830?
True
Does 8 divide 1148?
False
Is 14 a factor of 1111?
False
Is 39 a factor of 1209?
True
Is 143 a factor of 48214?
False
Does 12 divide 725?
False
Does 119 divide 103411?
True
Does 39 divide 2686?
False
Is 1155 a multiple of 23?
False
Is 15 a factor of 2370?
True
Does 21 divide 1848?
True
Is 6408 a multiple of 24?
True
Does 2 divide 40?
True
Is 653 even?
False
Is 12996 a multiple of 4?
True
Is 27047 a multiple of 37?
True
Is 54727 a multiple of 132?
False
Is 1422 a multiple of 79?
True
Does 13 divide 226?
False
Is 12617 a multiple of 14?
False
Is 148 a factor of 9176?
True
Is 3 a factor of 420?
True
Does 21 divide 2719?
False
Does 13 divide 659?
False
Is 6 a factor of 73197?
False
Is 20 a factor of 25640?
True
Does 7 divide 819?
True
Is 127 a factor of 27921?
False
Does 27 divide 39420?
True
Is 6 a factor of 1797?
False
Is 7221 a multiple of 29?
True
Does 48 divide 2400?
True
Is 1258 a multiple of 34?
True
Is 84 a multiple of 28?
True
Is 3 a factor of 6252?
True
Is 4156 a multiple of 161?
False
Is 218 a factor of 51563?
False
Is 16 a factor of 976?
True
Is 15 a factor of 360?
True
Is 150688 a multiple of 445?
False
Does 30 divide 1933?
False
Is 2115 a multiple of 45?
True
Does 106 divide 11024?
True
Is 132 a factor of 14193?
False
Is 17 a factor of 1091?
False
Is 8262 a multiple of 17?
True
Is 7884 a multiple of 54?
True
Is 1263 a multiple of 31?
False
Is 3105 a multiple of 27?
True
Does 103 divide 128338?
True
Is 23 a factor of 5244?
True
Is 1926 a multiple of 4?
False
Is 5 a factor of 295?
True
Does 19 divide 7924?
False
Does 85 divide 1840?
False
Is 4419 a multiple of 101?
False
Is 82948 a multiple of 291?
False
Is 51572 a multiple of 160?
False
Is 1800 a multiple of 75?
True
Does 10 divide 170?
True
Is 3553 a multiple of 19?
True
Is 39 a factor of 522?
False
Is 209 a factor of 4598?
True
Is 6 a factor of 51835?
False
Does 58 divide 5626?
True
Is 92 a factor of 2944?
True
Does 6 divide 528?
True
Is 9 a factor of 747?
True
Is 1267 a multiple of 3?
False
Does 17 divide 5825?
False
Is 99 a multiple of 12?
False
Is 40 a multiple of 4?
True
Is 638 a multiple of 58?
True
Is 2615 a multiple of 34?
False
Is 13 a factor of 37245?
True
Is 37765 a multiple of 13?
True
Is 57 a factor of 25840?
False
Is 2321 a multiple of 42?
False
Is 334 a factor of 23349?
False
Is 18 a factor of 12017?
False
Is 10 a factor of 116?
False
Does 3 divide 71?
False
Is 458 a multiple of 3?
False
Does 15 divide 645?
True
Does 6 divide 1439?
False
Is 21 a factor of 54363?
False
Does 8 divide